{"id":3116,"date":"2012-06-02T10:49:57","date_gmt":"2012-06-02T10:49:57","guid":{"rendered":"https:\/\/venadoro.it\/privacy\/"},"modified":"2022-01-12T09:30:42","modified_gmt":"2022-01-12T09:30:42","slug":"privacy","status":"publish","type":"page","link":"https:\/\/venadoro.it\/de\/privacy\/","title":{"rendered":"privacy"},"content":{"rendered":"<p><strong>INFORMATIVA PRIVACY AI SENSI\u00a0<\/strong><strong>NUOVO REG. UE 2016\/679<\/strong><\/p>\n<p>PRIVACY DATI RACCOLTI PRESSOINTERESSATO Informativa ai sensi e per gli effetti di cui all\u2019art. 13-14, Reg UE 2016\/679 (Regolamento Europeo in materia di protezione dei dati personali)<\/p>\n<p><strong>Informationsschreiben f\u00fcr den Kunden<\/strong><\/p>\n<p><em>Lieber Kunde,<\/em><\/p>\n<p><em>gem\u00e4\u00df der geltenden Richtlinie \u00fcber den Schutz von Personendaten (EU-Verordnung Nr. 679 aus dem Jahr 2016) m\u00f6chten wir Sie dar\u00fcber informieren, dass die Bearbeitungen Ihrer personenbezogenen Daten nach den Prinzipien der Korrektheit und der Transparenz f\u00fcr legale Zwecke und unter dem Schutz Ihrer Privatsph\u00e4re und Ihrer Rechte erfolgen.<\/em><\/p>\n<p><em>Die Bearbeitungen werden auch mit Hilfe digitaler Instrumente zu den folgenden Zwecken vorgenommen:<\/em><\/p>\n<ol>\n<li><em><u>um Ihre Reservierung der Unterkunft und zus\u00e4tzlicher Serviceleistungen einzuholen und zu best\u00e4tigen und um die gew\u00fcnschten Serviceleistungen bereitzustellen.<\/u><\/em><em>\u00a0Da es sich um Bearbeitungen handelt, die zum Abschluss der vertraglichen Vereinbarung und zur nachfolgenden Durchf\u00fchrung notwendig sind, muss Ihre Zustimmung nicht eingeholt werden, au\u00dfer wenn besondere Daten, sogenannte sensible Daten, \u00fcbertragen werden. Wenn die Erteilung der Personendaten verweigert wird, k\u00f6nnen wir die Reservierung nicht best\u00e4tigen und Ihnen nicht die gew\u00fcnschten Serviceleistungen bereitstellen. Die Bearbeitung wird bei Ihrer Abreise eingestellt; einige Ihrer Personendaten k\u00f6nnen oder m\u00fcssen allerdings zu den in den folgenden Punkten angegebenen Zwecken und Bedingungen weiter bearbeitet werden;<\/em><\/li>\n<li><em><u>um die vom \u201eGesetz \u00fcber die \u00f6ffentliche Sicherheit\u201d<\/u><\/em><em>\u00a0(Artikel 109 K\u00f6niglicher Erlass vom 18.6.1931 Nr. 773)\u00a0<u>vorgesehene Verpflichtung zu erf\u00fcllen,die uns auferlegt, dem Polizeipr\u00e4sidium, zu Zwecken der \u00f6ffentlichen Sicherheit, die Personalien der untergebrachten G\u00e4ste\u00a0<\/u>nach den von dem Innenministerium festgelegten Modalit\u00e4ten mitzuteilen (Dekret vom 7. Januar 2013). Die Erteilung der Daten ist obligatorisch und Ihre Zustimmung muss nicht eingeholt werden; wenn Sie die Erteilung verweigern, werden Sie nicht in unserer Struktur aufgenommen werden k\u00f6nnen. Die zu diesem Zweck erteilten Daten werden nicht bei uns aufbewahrt, au\u00dfer wenn Sie uns die Zustimmung zur Aufbewahrung wie von Punkt 4 vorgesehen geben;<\/em><\/li>\n<li><em><u>um den geltenden Verwaltungs-, Buchf\u00fchrungs- und Steuerpflichten nachzukommen<\/u><\/em><em>. Zu diesen Zwecken erfolgt die Bearbeitung ohne die Notwendigkeit, Ihre Zustimmung einzuholen. Die Daten werden von uns und von unseren dazu beauftragten Personen bearbeitet und werden dem Ausland nur mitgeteilt, um gesetzlichen Verpflichtungen nachzukommen. Bei Verweigerung der Erteilung der notwendigen Daten f\u00fcr die oben genannten Anforderungen werden wir Ihnen nicht die geforderten Serviceleistungen bereitstellen k\u00f6nnen. Die zu diesen Zwecken erworbenen Daten werden von uns f\u00fcr die von den entsprechenden Richtlinien vorgesehene Dauer aufbewahrt (10 Jahre, bei Steuerveranlagungen auch l\u00e4nger);<\/em><\/li>\n<li><em><u>um die Registrierverfahren bei zuk\u00fcnftigen Aufenthalten in unserer Struktur zu beschleunigen.<\/u><\/em><em>\u00a0Zu diesem Zweck werden nach vorherigem Erhalt Ihrer jederzeit widerrufbaren Zustimmung Ihre Daten f\u00fcr die H\u00f6chstdauer von 5 Jahre aufbewahrt; sie werden, wenn Sie erneut unser Gast sind, zu den unter den vorherigen Punkten angegebenen Zwecken benutzt werden;<\/em><\/li>\n<li><em><u>um an Sie gerichtete Nachrichten und Telefonate w\u00e4hrend Ihres Aufenthalts annehmen zu d\u00fcrfen<\/u><\/em><em>. Zu diesem Zweck ist Ihre Zustimmung notwendig. Sie k\u00f6nnen jederzeit diese Zustimmung zur\u00fcckziehen. Die Bearbeitung wird bei Ihrer Abreise eingestellt;<\/em><\/li>\n<li><em><u>um Ihnen unsere Werbenachrichten und aktuelle Informationen zu Tarifen und Angeboten zu schicken.<\/u><\/em><em>\u00a0Zu diesem Zweck werden nach Ihrer Zustimmung Ihre Daten f\u00fcr die H\u00f6chstdauer von 5 Jahre aufbewahrt und nicht Dritten mitgeteilt. Sie k\u00f6nnen die Zustimmung jederzeit aufheben;<\/em><\/li>\n<li><em><u>um Personen, das Eigentum und das Betriebsverm\u00f6gen durch ein Video\u00fcberwachungssystem in einigen Bereichen der Struktur zu sch\u00fctzen, auf das durch Anbringung entsprechender Schilder hingewiesen wird<\/u><\/em><em>. F\u00fcr diese Bearbeitung ist nicht Ihre Zustimmung notwendig, da unser berechtigtes Interesse verfolgt wird, Personen und G\u00fcter vor m\u00f6glichen Aggressionen, Diebst\u00e4hlen, Raub, Besch\u00e4digungen und Vandalismus zu sch\u00fctzen sowie Brandschutz und Sicherheit am Arbeitsplatz nachzukommen. Die aufgenommenen Bilder werden nach 24 Stunden gel\u00f6scht, mit Ausnahme von Feiertagen oder anderen Anl\u00e4ssen, an denen die Struktur geschlossen ist. Sie werden nicht Dritten mitgeteilt, au\u00dfer wenn sie Teil von Ermittlungen der Gerichtsbeh\u00f6rde oder der Kriminalpolizei sind.<\/em><\/li>\n<\/ol>\n<p><em>Wir m\u00f6chten Sie auch dar\u00fcber informieren, dass Ihnen die europ\u00e4ische Verordnung einige Rechte zugesteht, wie das Recht auf Zugang, Berichtigung, L\u00f6schung, Begrenzung der Bearbeitung, Widerspruch gegen die Bearbeitung sowie das Recht auf Daten\u00fcbertragbarkeit, wenn sie anwendbar sind (Artikel 15 bis 22 der EU-Verordnung Nr. 679 aus dem Jahr 2016). Es kann auch eine Beschwerde bei der Kontrollbeh\u00f6rde nach den von der geltenden Richtlinie vorgesehenen Verfahren erhoben werden.<\/em><\/p>\n<p><em>F\u00fcr jegliche weitere Information und zur Geltendmachung der Ihnen von der europ\u00e4ischen Verordnung zugestandenen Rechte k\u00f6nnen Sie sich an die folgenden Personen wenden:<\/em><em>\u00a0<\/em><\/p>\n<p><strong><em>Inhaber der Bearbeitung<\/em><\/strong><em>: Hotel Terme Vena d\u2019Oro srl (Kontaktdaten) info@venadoro.it<\/em><\/p>\n<p><strong><em>Verantwortlicher der Bearbeitung:<\/em><\/strong><em>\u00a0Hotel Terme Vena d\u2019Oro srl (Kontaktdaten) info@venadoro.it<\/em><\/p>\n<p><strong><em>Verantwortlicher des Datenschutzes: DPO:<\/em><\/strong><em>\u00a0Albertin Marco (Kontaktdaten) info@venadoro.it<\/em><\/p>\n<p><strong>\u00a0<\/strong><\/p>\n<p><strong>Il TITOLARE\u00a0<\/strong>del trattamento<\/p>\n<p>Hotel Terme Vena d\u2019Oro srl<\/p>\n","protected":false},"excerpt":{"rendered":"<p>INFORMATIVA PRIVACY AI SENSI\u00a0NUOVO REG. UE 2016\/679 PRIVACY DATI RACCOLTI PRESSOINTERESSATO Informativa ai sensi e per gli effetti di cui all\u2019art. 13-14, Reg UE 2016\/679 (Regolamento Europeo in materia di protezione dei dati personali) Informationsschreiben f\u00fcr den Kunden Lieber Kunde, gem\u00e4\u00df der geltenden Richtlinie \u00fcber den Schutz von Personendaten (EU-Verordnung Nr. 679 aus dem Jahr [&hellip;]<\/p>\n","protected":false},"author":1,"featured_media":0,"parent":0,"menu_order":0,"comment_status":"closed","ping_status":"closed","template":"","meta":{"_acf_changed":false,"footnotes":""},"class_list":["post-3116","page","type-page","status-publish","hentry"],"acf":[],"_links":{"self":[{"href":"https:\/\/venadoro.it\/de\/wp-json\/wp\/v2\/pages\/3116","targetHints":{"allow":["GET"]}}],"collection":[{"href":"https:\/\/venadoro.it\/de\/wp-json\/wp\/v2\/pages"}],"about":[{"href":"https:\/\/venadoro.it\/de\/wp-json\/wp\/v2\/types\/page"}],"author":[{"embeddable":true,"href":"https:\/\/venadoro.it\/de\/wp-json\/wp\/v2\/users\/1"}],"replies":[{"embeddable":true,"href":"https:\/\/venadoro.it\/de\/wp-json\/wp\/v2\/comments?post=3116"}],"version-history":[{"count":0,"href":"https:\/\/venadoro.it\/de\/wp-json\/wp\/v2\/pages\/3116\/revisions"}],"wp:attachment":[{"href":"https:\/\/venadoro.it\/de\/wp-json\/wp\/v2\/media?parent=3116"}],"curies":[{"name":"wp","href":"https:\/\/api.w.org\/{rel}","templated":true}]}}

<p><strong>INFORMATIVA PRIVACY AI SENSI </strong><strong>NUOVO REG. UE 2016/679</strong></p>
<p>PRIVACY DATI RACCOLTI PRESSOINTERESSATO Informativa ai sensi e per gli effetti di cui all’art. 13-14, Reg UE 2016/679 (Regolamento Europeo in materia di protezione dei dati personali)</p>
<p><strong>Informationsschreiben für den Kunden</strong></p>
<p><em>Lieber Kunde,</em></p>
<p><em>gemäß der geltenden Richtlinie über den Schutz von Personendaten (EU-Verordnung Nr. 679 aus dem Jahr 2016) möchten wir Sie darüber informieren, dass die Bearbeitungen Ihrer personenbezogenen Daten nach den Prinzipien der Korrektheit und der Transparenz für legale Zwecke und unter dem Schutz Ihrer Privatsphäre und Ihrer Rechte erfolgen.</em></p>
<p><em>Die Bearbeitungen werden auch mit Hilfe digitaler Instrumente zu den folgenden Zwecken vorgenommen:</em></p>
<ol>
<li><em><u>um Ihre Reservierung der Unterkunft und zusätzlicher Serviceleistungen einzuholen und zu bestätigen und um die gewünschten Serviceleistungen bereitzustellen.</u></em><em> Da es sich um Bearbeitungen handelt, die zum Abschluss der vertraglichen Vereinbarung und zur nachfolgenden Durchführung notwendig sind, muss Ihre Zustimmung nicht eingeholt werden, außer wenn besondere Daten, sogenannte sensible Daten, übertragen werden. Wenn die Erteilung der Personendaten verweigert wird, können wir die Reservierung nicht bestätigen und Ihnen nicht die gewünschten Serviceleistungen bereitstellen. Die Bearbeitung wird bei Ihrer Abreise eingestellt; einige Ihrer Personendaten können oder müssen allerdings zu den in den folgenden Punkten angegebenen Zwecken und Bedingungen weiter bearbeitet werden;</em></li>
<li><em><u>um die vom „Gesetz über die öffentliche Sicherheit”</u></em><em> (Artikel 109 Königlicher Erlass vom 18.6.1931 Nr. 773) <u>vorgesehene Verpflichtung zu erfüllen,die uns auferlegt, dem Polizeipräsidium, zu Zwecken der öffentlichen Sicherheit, die Personalien der untergebrachten Gäste </u>nach den von dem Innenministerium festgelegten Modalitäten mitzuteilen (Dekret vom 7. Januar 2013). Die Erteilung der Daten ist obligatorisch und Ihre Zustimmung muss nicht eingeholt werden; wenn Sie die Erteilung verweigern, werden Sie nicht in unserer Struktur aufgenommen werden können. Die zu diesem Zweck erteilten Daten werden nicht bei uns aufbewahrt, außer wenn Sie uns die Zustimmung zur Aufbewahrung wie von Punkt 4 vorgesehen geben;</em></li>
<li><em><u>um den geltenden Verwaltungs-, Buchführungs- und Steuerpflichten nachzukommen</u></em><em>. Zu diesen Zwecken erfolgt die Bearbeitung ohne die Notwendigkeit, Ihre Zustimmung einzuholen. Die Daten werden von uns und von unseren dazu beauftragten Personen bearbeitet und werden dem Ausland nur mitgeteilt, um gesetzlichen Verpflichtungen nachzukommen. Bei Verweigerung der Erteilung der notwendigen Daten für die oben genannten Anforderungen werden wir Ihnen nicht die geforderten Serviceleistungen bereitstellen können. Die zu diesen Zwecken erworbenen Daten werden von uns für die von den entsprechenden Richtlinien vorgesehene Dauer aufbewahrt (10 Jahre, bei Steuerveranlagungen auch länger);</em></li>
<li><em><u>um die Registrierverfahren bei zukünftigen Aufenthalten in unserer Struktur zu beschleunigen.</u></em><em> Zu diesem Zweck werden nach vorherigem Erhalt Ihrer jederzeit widerrufbaren Zustimmung Ihre Daten für die Höchstdauer von 5 Jahre aufbewahrt; sie werden, wenn Sie erneut unser Gast sind, zu den unter den vorherigen Punkten angegebenen Zwecken benutzt werden;</em></li>
<li><em><u>um an Sie gerichtete Nachrichten und Telefonate während Ihres Aufenthalts annehmen zu dürfen</u></em><em>. Zu diesem Zweck ist Ihre Zustimmung notwendig. Sie können jederzeit diese Zustimmung zurückziehen. Die Bearbeitung wird bei Ihrer Abreise eingestellt;</em></li>
<li><em><u>um Ihnen unsere Werbenachrichten und aktuelle Informationen zu Tarifen und Angeboten zu schicken.</u></em><em> Zu diesem Zweck werden nach Ihrer Zustimmung Ihre Daten für die Höchstdauer von 5 Jahre aufbewahrt und nicht Dritten mitgeteilt. Sie können die Zustimmung jederzeit aufheben;</em></li>
<li><em><u>um Personen, das Eigentum und das Betriebsvermögen durch ein Videoüberwachungssystem in einigen Bereichen der Struktur zu schützen, auf das durch Anbringung entsprechender Schilder hingewiesen wird</u></em><em>. Für diese Bearbeitung ist nicht Ihre Zustimmung notwendig, da unser berechtigtes Interesse verfolgt wird, Personen und Güter vor möglichen Aggressionen, Diebstählen, Raub, Beschädigungen und Vandalismus zu schützen sowie Brandschutz und Sicherheit am Arbeitsplatz nachzukommen. Die aufgenommenen Bilder werden nach 24 Stunden gelöscht, mit Ausnahme von Feiertagen oder anderen Anlässen, an denen die Struktur geschlossen ist. Sie werden nicht Dritten mitgeteilt, außer wenn sie Teil von Ermittlungen der Gerichtsbehörde oder der Kriminalpolizei sind.</em></li>
</ol>
<p><em>Wir möchten Sie auch darüber informieren, dass Ihnen die europäische Verordnung einige Rechte zugesteht, wie das Recht auf Zugang, Berichtigung, Löschung, Begrenzung der Bearbeitung, Widerspruch gegen die Bearbeitung sowie das Recht auf Datenübertragbarkeit, wenn sie anwendbar sind (Artikel 15 bis 22 der EU-Verordnung Nr. 679 aus dem Jahr 2016). Es kann auch eine Beschwerde bei der Kontrollbehörde nach den von der geltenden Richtlinie vorgesehenen Verfahren erhoben werden.</em></p>
<p><em>Für jegliche weitere Information und zur Geltendmachung der Ihnen von der europäischen Verordnung zugestandenen Rechte können Sie sich an die folgenden Personen wenden:</em><em> </em></p>
<p><strong><em>Inhaber der Bearbeitung</em></strong><em>: Hotel Terme Vena d’Oro srl (Kontaktdaten) info@venadoro.it</em></p>
<p><strong><em>Verantwortlicher der Bearbeitung:</em></strong><em> Hotel Terme Vena d’Oro srl (Kontaktdaten) info@venadoro.it</em></p>
<p><strong><em>Verantwortlicher des Datenschutzes: DPO:</em></strong><em> Albertin Marco (Kontaktdaten) info@venadoro.it</em></p>
<p><strong> </strong></p>
<p><strong>Il TITOLARE </strong>del trattamento</p>
<p>Hotel Terme Vena d’Oro srl</p>

<p>INFORMATIVA PRIVACY AI SENSI NUOVO REG. UE 2016/679 PRIVACY DATI RACCOLTI PRESSOINTERESSATO Informativa ai sensi e per gli effetti di cui all’art. 13-14, Reg UE 2016/679 (Regolamento Europeo in materia di protezione dei dati personali) Informationsschreiben für den Kunden Lieber Kunde, gemäß der geltenden Richtlinie über den Schutz von Personendaten (EU-Verordnung Nr. 679 aus dem Jahr [&hellip;]</p>
